i = -608 - a. List the prime factors of i.
7
Let o(f) = -74*f - 22. Let t be o(-10). Suppose -6*g + t = -326. What are the prime factors of g?
2, 3, 29
Let x = 58521 - 32596. What are the prime factors of x?
5, 17, 61
Suppose 6205*y = 6184*y + 200193. What are the prime factors of y?
9533
Let i(f) = 40*f**2 + 27*f - 30. Let w be i(9). Let c = w + -2313. List the prime factors of c.
2, 3, 5, 19
Let z(o) = o**3 + 3*o**2 - 23*o - 26. Let p be z(-6). Suppose 0 = -p*g - 5*h + 1619, 0*g + g - 436 = 5*h. List the prime factors of g.
3, 137
Let a be (-2 + 11 + -2)*84/(-98). Let v be 8*(4 + a - (-19)/(-4)). Let f = v - -108. What are the prime factors of f?
2, 3
Suppose -4*t - 10540 = -4*z, -2*t + 4154 = 5*z - 9021. Suppose -19*n = -3901 - z. List the prime factors of n.
2, 43
Let m be (210/(-56))/((-2)/24). Let t be 10/4 + (m/10 - 5). What are the prime factors of (1 - (-2)/t) + 81?
83
Let m = 113 + -46. Suppose n + f + 61 + 22 = 0, -5*f = n + m. Let i = n + 121. What are the prime factors of i?
2, 17
Let n = 117 + 51. Suppose 2*m - 84 = 3*r, -3*r = 3*m - 7*m + n. List the prime factors of m.
2, 3, 7
Let t = -74 + 77. Suppose -3 - 28 = -2*i - 5*y, -t*i - y + 27 = 0. Let l = 117 - i. List the prime factors of l.
109
Let s(w) = -9*w - 1. Let r be s(-1). Suppose -r*y + y = -21. Suppose o - 153 = -3*i - 0*i, 0 = y*o - 3*i - 435. List the prime factors of o.
3, 7
Let d be (-217)/(-4) + (-48)/(-64). What are the prime factors of 17*1*(0 - d/(-5))?
11, 17
Let s be 80/14 + (-4 - 300/(-70)). Suppose -5*a - 5 = 0, -5*p - s*a + 1100 = -a. What are the prime factors of p?
13, 17
Let v(k) = 70*k**2 + 44*k - 396. List the prime factors of v(11).
2, 11, 389
Suppose 26 = -5*s + 21. Let o be (s/2)/(1/8808*6). Let t = -500 - o. List the prime factors of t.
2, 3, 13
Suppose 38*y = 29*y + 1719. What are the prime factors of (5 - 1) + y + -8?
11, 17
Suppose -31*v - 83*v + 561599 = 132161. What are the prime factors of v?
3767
Let t(o) = o**3 - 36*o**2 + 33*o + 286. List the prime factors of t(59).
2, 3, 127
Let d be 120*(24/(-5) - -6). Let i = d + -90. What are the prime factors of i?
2, 3
Let u be 5*(-1820)/(-75)*6. Suppose 0 = 5*y - 10, -2*o = -5*y - 2124 + u. What are the prime factors of o?
19, 37
Let r(y) = 54*y**2 + 4. What are the prime factors of r(-10)?
2, 7, 193
Let y(u) = -15*u**3 - 3*u**2 + 6*u + 25. Suppose 5 = -i + 2. List the prime factors of y(i).
5, 7, 11
Let u(c) = -c**3 - 12*c**2 - 11*c - 4. Let n be u(-11). Let t be (-1)/((-19)/(-5) + n). Suppose -t + 191 = 2*f. List the prime factors of f.
3, 31
Suppose -6*a + 1545 = n - 853, 4*a + 2378 = n. List the prime factors of n.
2, 1193
Let w be (-10)/(-12) - 4/96*-4. What are the prime factors of (-6 - -763) + -1 - (-2 + w)?
757
Let n = -10200 - -27920. List the prime factors of n.
2, 5, 443
What are the prime factors of 1891 - ((-213)/(-284) + (-14)/8)?
2, 11, 43
Let f(d) = 3*d + 6. Let h be f(-2). Suppose 3*m = -h*m + 57. Suppose 6*r = 7*r - m. What are the prime factors of r?
19
Let x be -3 + -15 - -16 - -5262*1. Suppose 16*u - 5748 = x. What are the prime factors of u?
2, 43
Let y(h) = 2*h**3 - 4*h**2 + 3*h - 1. Let q be y(2). Suppose -180 + 5 = q*f. Let o = f - -56. What are the prime factors of o?
3, 7
Let b(t) = t**3 - 5*t**2 - 5*t + 12. Let z be b(6). List the prime factors of ((-5332)/6)/(-2*6/z).
31, 43
Suppose x + 10 = 4*v - 2, -x + 20 = 4*v. Suppose -v*a + 5 = -3. Suppose -27 = -s - a*n + 12, -4*n - 168 = -4*s. What are the prime factors of s?
41
Let i be 9/4*(-72)/(-54). Suppose -w + i*f - 1376 = -2*w, -1 = -f. What are the prime factors of w?
1373
Let p(z) be the second derivative of -z**5/10 - 3*z**4/4 + z**3 - 4*z**2 - 7*z. Let j be p(-7). Let a = j - 102. What are the prime factors of a?
3, 31
Suppose 3*g + w + 1168 = 0, -5*g - w + 4*w - 1970 = 0. Let r = 571 + g. What are the prime factors of r?
2, 3, 5
List the prime factors of 61037/2 + (-1923)/1282.
30517
Suppose 3*k - 8 - 4 = -p, -5*k = -2*p - 9. Suppose -65 = p*z - 20. What are the prime factors of 105 + z - (-2 - (1 + 0))?
3, 31
Let g be (-8)/18 + 72/162. Suppose -143*w + 149*w - 630 = g. List the prime factors of w.
3, 5, 7
Let r = 13485 + 5458. What are the prime factors of r?
19, 997
Suppose -1 = -7*f + 13. Suppose -25*s + f*s = -10948. List the prime factors of s.
2, 7, 17
Let a be ((-12)/(-7))/(10/35). Let f(z) = 118*z - 14. List the prime factors of f(a).
2, 347
Let p(i) = 424*i - 3715. List the prime factors of p(77).
28933
Let r = -103 + 199. Let m be (-7 + 4/2)*-1. Suppose 8*x - m*x = r. What are the prime factors of x?
2
Let m(g) be the first derivative of g**3 + g**2 + 69*g - 486. Suppose -u = -5*u + 20, -5*u + 25 = -v. List the prime factors of m(v).
3, 23
Let y(w) = w**3 + 22*w**2 - 23*w - 207. Let b = 254 + -264. What are the prime factors of y(b)?
1223
Let h = -2404 + 3761. What are the prime factors of h?
23, 59
Suppose -t + 190 = -4*d - 4*t, 5*t = 5*d + 255. Suppose -30*w = -25*w - 545. Let j = d + w. What are the prime factors of j?
2, 3, 5
Suppose 143687 = 214*c - 1778186 - 3492755. What are the prime factors of c?
2, 3, 4217
Let p(n) = -40 + n - 11 - 20*n. Let y(b) = -b**2 + 10*b - 31. Let s be y(5). What are the prime factors of p(s)?
3, 7
Suppose 27*v + 3*z = 30*v - 2130, 0 = 2*v + 2*z - 1428. List the prime factors of v.
2, 89
Let u(w) = -3606*w - 9913. List the prime factors of u(-14).
29, 1399
Suppose 2*n + 2*n = 20, -b - 5*n + 314 = 0. Suppose 12*u - b + 37 = 0. List the prime factors of u.
3, 7
Suppose 3*s - 130 = 2. Let k = 44 - s. Suppose 4*l - 681 + 245 = k. What are the prime factors of l?
109
Let w(l) = -l - 7. Let d be w(-12). Suppose -d*v = 3*b - 427, b + b + 3*v = 286. Suppose 3*s = -3, x - b = -x + s. List the prime factors of x.
2, 37
Let c(z) be the first derivative of -z**2 - 6*z + 20. Let y be c(-9). Let b = 77 + y. What are the prime factors of b?
89
Let k be 3/(3/(-20))*(-46904)/(-715). Let s = k + 1891. What are the prime factors of s?
3, 193
Suppose -194*y = -198*y + 952. Let h = y + -160. List the prime factors of h.
2, 3, 13
Let c = -17797 - -25062. What are the prime factors of c?
5, 1453
Let h(a) = 116*a + 4. Let n be h(4). Suppose -5*i + 1182 = -n. Suppose -1054 = -8*g + i. What are the prime factors of g?
173
Suppose -128*f + 259*f = 132*f - 23493. List the prime factors of f.
3, 41, 191
Suppose 2281 = 38*r + 6*r + 785. What are the prime factors of r?
2, 17
Suppose 33417 + 122614 + 56405 = 27*k. List the prime factors of k.
2, 7, 281
Let z(i) = 29*i + 12. Suppose -3*p - 3*u + 21 = 0, u + 2 = 5*p - 3. Let a be z(p). Let n = 178 - a. List the prime factors of n.
2, 3
Let h be -6 - (-8 + 1418 - -2). Let v = -774 - h. What are the prime factors of v?
2, 7, 23
Let x = 75492 + -43814. List the prime factors of x.
2, 47, 337
Let b(s) = 54*s - 52*s - 2*s**2 + 3*s**2 + 531*s**3. What are the prime factors of b(1)?
2, 3, 89
Let x be (-6)/(-1)*(-52)/(-3). Let u be (-1207)/51 + (-2)/(-3). Let w = x - u. List the prime factors of w.
127
Let s(o) = -3*o**2 - 84*o + 2. Let m = -454 + 429. List the prime factors of s(m).
227
Let c(a) = -3*a**3 + 37*a**2 + 53*a - 28. Let m(u) = 4*u**3 - 37*u**2 - 51*u + 28. Let p(d) = 5*c(d) + 4*m(d). What are the prime factors of p(-35)?
7, 41
Let i(y) = 9*y + 47 - 24*y - 8*y. What are the prime factors of i(-7)?
2, 13
Suppose 0 = 11*h - 5 - 28. Suppose -108 - 186 = -h*q. List the prime factors of q.
2, 7
Let g(l) = -5*l + 20 + 4*l - 6. Let k be g(23). What are the prime factors of (6/k)/((-3)/567)?
2, 3, 7
Let g = 115 + -114. What are the prime factors of (-5 - -416)/(2 - g)?
3, 137
Let d be (-2)/3*462/28. Let a = -8 - d. List the prime factors of a/4*324/(2 - -1).
3
Let g be 15*1/6*2. Suppose 0 = p - 3*a + 145, g*a - 2*a = -3. Let l = 207 + p. What are the prime factors of l?
59
Let q(h) = 94*h**2 + 34*h - 69. What are the prime factors of q(2)?
3, 5
Let y(n) = -70*n - 179. Let f(b) = -35*b - 89. Let m(s) = -9*f(s) + 4*y(s). What are the prime factors of m(3)?
2, 5, 19
Suppose 0 = 2*c - 6, -2*a - 5366 = 2*c + 9358. List the prime factors of 2/(-11) + a/(-33).
223
Suppose -d = 2*c - 12, 0 = 5*d - 6*c + c + 15. Let f be -183*(-6)/12*(d - 0). Let p = -51 + f. What are the prime factors of p?
2, 3, 11
Let i = 3716 - 7623. List the prime factors of 15/18 - i/6.
2, 1